{"id":1376,"date":"2021-09-24T15:18:01","date_gmt":"2021-09-24T15:18:01","guid":{"rendered":"https:\/\/aukaraf.is\/?page_id=1376"},"modified":"2021-11-18T20:10:35","modified_gmt":"2021-11-18T20:10:35","slug":"skilmalar","status":"publish","type":"page","link":"https:\/\/aukaraf.is\/?page_id=1376","title":{"rendered":"Skilm\u00e1lar"},"content":{"rendered":"\n<div class=\"is-divider divider clearfix\" ><\/div>\n\n<div class=\"row\"  id=\"row-423171106\">\n\n\n\t<div id=\"col-532399179\" class=\"col small-12 large-12\"  >\n\t\t\t\t<div class=\"col-inner\"  >\n\t\t\t\n\t\t\t\n\n<div>\n<h4>Fyrirt\u00e6ki\u00f0<\/h4>\n<\/div>\n<div>AMG Aukaraf ehf, Dalbrekku 16, 200 K\u00f3pavogi, s\u00edmi 585 000, netfang: aukaraf@aukaraf.is, \u00e1skilur s\u00e9r r\u00e9tt til a\u00f0 h\u00e6tta vi\u00f0 pantanir, t.d. vegna rangra ver\u00f0uppl\u00fdsinga e\u00f0a h\u00e6tta a\u00f0 bj\u00f3\u00f0a upp \u00e1 v\u00f6rutegundir fyrirvaralaust. \u00c1skilinn er r\u00e9ttur til a\u00f0 sta\u00f0festa pantanir s\u00edmlei\u00f0is.<\/div>\n<div>\u00a0<\/div>\n<h4>Afhending v\u00f6ru<\/h4>\n<div>Allar pantanir eru afgreiddar n\u00e6sta virka dag eftir p\u00f6ntun. S\u00e9 varan ekki til \u00e1 lager mun \u00fej\u00f3nustufulltr\u00fai hafa samband og tilkynna um \u00e1\u00e6tla\u00f0an afhendingart\u00edma v\u00f6runnar. Af \u00f6llum p\u00f6ntunum dreift af \u00cdslandsp\u00f3sti gilda afhendingar-, \u00e1byrg\u00f0ar og flutningsskilm\u00e1lar \u00cdslandsp\u00f3sts<\/div>\n<div>um afhendingu v\u00f6runnar. AMG Aukaraf ber samkv\u00e6mt \u00feessu enga \u00e1byrg\u00f0 \u00e1 t\u00fdndum sendingum e\u00f0a tj\u00f3ni sem kann a\u00f0 ver\u00f0a \u00e1 v\u00f6ru \u00ed flutningi. Ef vara t\u00fdnist \u00ed p\u00f3sti e\u00f0a ver\u00f0ur fyrir tj\u00f3ni fr\u00e1 \u00fev\u00ed a\u00f0 h\u00fan er send fr\u00e1 AMG Aukaraf til vi\u00f0komandi er tj\u00f3ni\u00f0 \u00e1 \u00e1byrg\u00f0 kaupanda.<\/div>\n<div>\u00a0<\/div>\n<h4>Ver\u00f0 \u00e1 v\u00f6ru og sendingakostna\u00f0ur<\/h4>\n<div>\u00d6ll ver\u00f0 \u00ed vefverslun eru me\u00f0 innif\u00f6ldum 24% vsk. Vi\u00f0 sendum v\u00f6rur me\u00f0 \u00cdslandsp\u00f3sti en sendingarkostna\u00f0ur er samkv\u00e6mt ver\u00f0skr\u00e1 \u00cdslandsp\u00f3st \u00e1 hverjum t\u00edma og grei\u00f0ist af vi\u00f0takanda.<\/div>\n<div>\u00a0<\/div>\n<h4>A\u00f0 skipta og skila v\u00f6ru<\/h4>\n<div>Veittur er 14 daga skilar\u00e9ttur vi\u00f0 kaup \u00e1 v\u00f6ru gegn \u00fev\u00ed a\u00f0 framv\u00edsa\u00f0 s\u00e9 s\u00f6lureikningi sem s\u00fdnir me\u00f0 fulln\u00e6gjandi h\u00e6tti hven\u00e6r varan var keypt. Varan \u00fearf a\u00f0 vera \u00f3notu\u00f0, \u00ed fullkomnu lagi og \u00ed s\u00ednum upprunalegu \u00f3skemmdu umb\u00fa\u00f0um \u00feegar henni er skila\u00f0. Ef vara er innsiglu\u00f0 m\u00e1 ekki rj\u00fafa innsigli\u00f0. Vi\u00f0 skil \u00e1 v\u00f6ru er mi\u00f0a\u00f0 vi\u00f0 upprunalegt ver\u00f0 hennar, nema vi\u00f0komandi vara s\u00e9 \u00e1 \u00fats\u00f6lu e\u00f0a \u00e1 s\u00e9rtilbo\u00f0i vi\u00f0 v\u00f6ruskil. \u00de\u00e1 er mi\u00f0a\u00f0 vi\u00f0 ver\u00f0v\u00f6runnar \u00feann dag sem henni er skila\u00f0. Varan er endurgreidd me\u00f0 millif\u00e6rslu \u00e1 bankareikning e\u00f0a kreditkort vi\u00f0skiptavinar. Flutnings- og p\u00f3stbur\u00f0argj\u00f6ld eru ekki endurgreidd.<\/div>\n<div>\u00a0<\/div>\n<h4>G\u00f6llu\u00f0 vara<\/h4>\n<div>S\u00e9 vara g\u00f6llu\u00f0 er vi\u00f0skiptavinum bo\u00f0in n\u00fd vara \u00ed sta\u00f0inn og grei\u00f0um vi\u00f0 allan sendingakostna\u00f0 sem um r\u00e6\u00f0ir e\u00f0a endurgrei\u00f0um ef \u00feess er krafist. A\u00f0 \u00f6\u00f0ru leiti v\u00edsast til laga um neytendakaup nr.48\/2003 og laga um neytendasamninga.<\/div>\n<div>\u00a0<\/div>\n<h4>Tr\u00fana\u00f0ur (\u00f6ryggisskilm\u00e1lar)<\/h4>\n<div>Seljandi heitir kaupanda fullum tr\u00fana\u00f0i um allar uppl\u00fdsingar sem hann gefur upp \u00ed tengslum vi\u00f0<\/div>\n<div>vi\u00f0skiptin. Uppl\u00fdsingar ver\u00f0a ekki undir neinum kringumst\u00e6\u00f0um afhentar \u00feri\u00f0ja a\u00f0ila.<\/div>\n<div>\u00a0<\/div>\n<h4>L\u00f6g og varnar\u00feing<\/h4>\n<div>Samningur \u00feessi er \u00ed samr\u00e6mi vi\u00f0 \u00edslensk l\u00f6g. R\u00edsi m\u00e1l vegna hans skal \u00fea\u00f0 reki\u00f0 fyrir H\u00e9ra\u00f0sd\u00f3mi Reykjaness.<\/div>\n\n\t\t<\/div>\n\t\t\t\t\t<\/div>\n\n\t\n\n<\/div>\n\n","protected":false},"excerpt":{"rendered":"","protected":false},"author":1,"featured_media":0,"parent":223,"menu_order":0,"comment_status":"closed","ping_status":"closed","template":"page-blank.php","meta":{"_monsterinsights_skip_tracking":false,"_monsterinsights_sitenote_active":false,"_monsterinsights_sitenote_note":"","_monsterinsights_sitenote_category":0,"footnotes":""},"class_list":["post-1376","page","type-page","status-publish","hentry"],"aioseo_notices":[],"jetpack_sharing_enabled":true,"_links":{"self":[{"href":"https:\/\/aukaraf.is\/index.php?rest_route=\/wp\/v2\/pages\/1376","targetHints":{"allow":["GET"]}}],"collection":[{"href":"https:\/\/aukaraf.is\/index.php?rest_route=\/wp\/v2\/pages"}],"about":[{"href":"https:\/\/aukaraf.is\/index.php?rest_route=\/wp\/v2\/types\/page"}],"author":[{"embeddable":true,"href":"https:\/\/aukaraf.is\/index.php?rest_route=\/wp\/v2\/users\/1"}],"replies":[{"embeddable":true,"href":"https:\/\/aukaraf.is\/index.php?rest_route=%2Fwp%2Fv2%2Fcomments&post=1376"}],"version-history":[{"count":8,"href":"https:\/\/aukaraf.is\/index.php?rest_route=\/wp\/v2\/pages\/1376\/revisions"}],"predecessor-version":[{"id":1495,"href":"https:\/\/aukaraf.is\/index.php?rest_route=\/wp\/v2\/pages\/1376\/revisions\/1495"}],"up":[{"embeddable":true,"href":"https:\/\/aukaraf.is\/index.php?rest_route=\/wp\/v2\/pages\/223"}],"wp:attachment":[{"href":"https:\/\/aukaraf.is\/index.php?rest_route=%2Fwp%2Fv2%2Fmedia&parent=1376"}],"curies":[{"name":"wp","href":"https:\/\/api.w.org\/{rel}","templated":true}]}}